 + 272/(-4))*x?
73
Suppose 119*y = 126*y - 23128. List the prime factors of y.
2, 7, 59
Let d = -2 - -1. Let g be -2*d/3*-9. Let x = 34 + g. List the prime factors of x.
2, 7
Let x(a) = -a**2 - 5*a + 4 - 2*a + 4*a + 0. Let i be x(-5). Let r = 3 - i. What are the prime factors of r?
3
Suppose 10*l = 5*l + 85. Let i = -17 + l. Suppose i*v + 27 = v. List the prime factors of v.
3
Let f(x) = x**2 + 12*x + 539. List the prime factors of f(0).
7, 11
Suppose -2*b = -295 - 281. Suppose 3*h + h = 3*a - b, 0 = 5*a + 2*h - 480. What are the prime factors of a?
2, 3
Let c be (-176)/(-2*2) + -2. Let m be (3 + -2 - 4) + c. Let w = m + -17. List the prime factors of w.
2, 11
Suppose y - 9 = -4*y + 3*g, 3*y = -g + 11. Suppose 4*r = 6*r - 4. Suppose y*q = -r*q + 115. What are the prime factors of q?
23
Let z(u) = -u**3 - 21*u**2 - 45*u - 25. Let v(j) = -j**3 + 5*j**2 - 9*j + 1. Let y be v(4). List the prime factors of z(y).
2, 3
Let r(m) = 7*m**3 + 3*m**2 - 3*m. Let v be r(3). Let q = -105 + v. What are the prime factors of q?
2, 3, 17
Suppose -57*x - 8730 = -66*x. List the prime factors of x.
2, 5, 97
Let h(p) = p**2 - 4*p - 8. Let x be h(5). Let t be (3 - 4)/(x/6). List the prime factors of -2*7/t*-2.
2, 7
Suppose 18*p - 1728 - 810 = 0. What are the prime factors of p?
3, 47
Let v = -1922 + 2735. What are the prime factors of v?
3, 271
Suppose -110*d + 108*d = -1106. What are the prime factors of d?
7, 79
Suppose -2 = 5*q - 22. Suppose -5*d + 239 = q*i, -183 = -4*d - 0*d + 5*i. List the prime factors of d.
47
Let w = -81 + 131. Let j be ((-66)/(-55))/(4/w). List the prime factors of 0 + j*(3 - 2).
3, 5
Let k(l) = 28*l**2 + l. Let z(f) = f**2 + 3*f + 5. Let o be z(-3). Suppose 2 = -o*n + 3*n. What are the prime factors of k(n)?
3
Let n(i) = -6*i**3 + 2*i + 2. Let c be n(-1). List the prime factors of c/(10/2 + -4).
2, 3
Let b(l) = -l**3 + 14*l**2 - 11*l - 10. Let p be b(9). Suppose 6*n - n + 4*i = 329, -4*n = -5*i - p. List the prime factors of n.
3, 23
Suppose 0 = s + r - 34 - 39, -63 = -s + r. Let o = 98 + s. What are the prime factors of o?
2, 83
Suppose 1071 = 21*r - 12*r. List the prime factors of r.
7, 17
Suppose 93 = 2*f - 453. List the prime factors of f.
3, 7, 13
Let v = -144 + 62. Let o = 3 + v. Let c = o + 119. What are the prime factors of c?
2, 5
Let l be 3/9 + 257/3. Let z = l + -4. What are the prime factors of z?
2, 41
Suppose 79*n - 4*z = 77*n + 3030, -2*n + 2*z = -3020. List the prime factors of n.
5, 7, 43
Suppose 13*g - 6637 = 1943. What are the prime factors of g?
2, 3, 5, 11
Let q(c) = -71*c + 207. What are the prime factors of q(-16)?
17, 79
Suppose -368 = -2*g + j, -4*j = -5*g - 0*j + 914. Let y = g - 124. What are the prime factors of y?
2, 31
Suppose 2*x + 0*x + 5*i = 1066, -5*i = -5*x + 2630. Suppose c + 7*c = x. List the prime factors of c.
2, 3, 11
Let f(y) = -4 + 5*y - y + 0*y + y**2 - 5*y. Let j be f(0). Let z = j + 24. List the prime factors of z.
2, 5
Let n(a) = 62*a**2 - a + 1. Let x be n(1). Let c = -181 + 201. Suppose 5*k - x = -f, k + 4*f = -0*f + c. What are the prime factors of k?
2, 3
Suppose 0 = 11*m - 8732 + 2880. What are the prime factors of m?
2, 7, 19
Let i = -47 - -27. What are the prime factors of i/8*-2*147/5?
3, 7
Let y be (-3)/(-9) - 218/6. Let i = y - -46. What are the prime factors of i?
2, 5
Let j = 183 + -42. What are the prime factors of j/3 - (0 + 0)?
47
Let j(q) = -4*q - 23. Let n be j(-7). Suppose -6*m = -n*m - 13. What are the prime factors of m?
13
Suppose 0 = -3*f + 5 + 10. Suppose w - 3 = 0, -299 = -f*y - w - 2*w. Let i = y - 33. What are the prime factors of i?
5
Suppose 8*q - 8 = -t + 7*q, 5*t - q - 28 = 0. Suppose 0 = t*o - 1423 + 109. What are the prime factors of o?
3, 73
Suppose -51*q + 46*q + 2535 = 0. List the prime factors of q.
3, 13
Suppose 14983 = 19*v + 1436. Suppose 6*d - v = 223. List the prime factors of d.
2, 3, 13
Suppose 60 = -10*l - 20. Let j = 242 - l. List the prime factors of j.
2, 5
Suppose -54*x + 14*x + 88600 = 0. What are the prime factors of x?
5, 443
Let t = 50 + 5. Suppose -c - n = t - 2, n = 5*c + 235. What are the prime factors of c/9*(-12)/2?
2
Let o(n) = -6*n**2 + 6 + 3*n**2 - 12*n**2. Let v(c) = 1. Let f(s) = -o(s) + 5*v(s). List the prime factors of f(-1).
2, 7
Suppose 0*h = -4*h - 5*b, -2*h - 5*b = 0. Suppose 0 = 5*w + 2*o + 58, -4*w - 4*o + 0*o - 56 = h. What are the prime factors of 804/30 + (-2)/w?
3
Let w(n) = 13*n. Let k be 8/6 + 10/6. Let f be w(k). Suppose 2*y = -y + f. List the prime factors of y.
13
What are the prime factors of (-1)/3 + 4046/6?
2, 337
Let q(x) = x**2 - 4*x - 6. Let u be q(6). Let c be 6*((-3)/u)/(-1). Suppose -46 = -5*v + c*v. What are the prime factors of v?
23
Let k(m) = -2*m**3 - 59*m**2 - 64*m + 26. List the prime factors of k(-30).
2, 1423
Let r(z) = z**2 + 14*z - 1. Let l be r(-14). What are the prime factors of 636/((-3)/l) + 10/(-10)?
211
Let k be (-1 - 0)/(5/240). Let x = -11 + k. What are the prime factors of 2 + 0 - (-8 + x)?
3, 23
Suppose 147 = 4*t - 5. Suppose 4*p - t = 5*f, -f - 9 = -p - 0*p. Let x = p - -7. What are the prime factors of x?
2, 7
Let q = 8 + -6. Suppose -5*s + 2*h = -3*h - 15, q*s + 2*h - 6 = 0. Suppose -7 = -4*l + s*l. List the prime factors of l.
7
Let v(s) = -s**2 + 11*s - 4. Let a be v(11). Let y be -13*2*a/(-8). Let z = y + 43. List the prime factors of z.
2, 3, 5
Suppose 2*q + 10 = 4*n - 4, 0 = -n. Let l(y) be the third derivative of y**5/60 + 5*y**4/24 + 24*y**2. List the prime factors of l(q).
2, 7
Suppose 0 = -13*v + 40282 - 13164. What are the prime factors of v?
2, 7, 149
Suppose -2*p = -6*p. Let u(v) = 2*v + 38. Let c be u(p). Suppose 0 = 5*j - 3*m - c - 5, -5*j = 2*m - 63. What are the prime factors of j?
11
Suppose -9*l = -9487 - 13373. List the prime factors of l.
2, 5, 127
Suppose -14 = -3*m + 2*m - 4*s, -3*m + 5*s - 9 = 0. Let f be -10*((-2)/5)/1. Suppose 20 = m*o - 4*g, 0 = -5*g + f + 1. List the prime factors of o.
2, 3
Let b(n) = 2*n**3 - 20*n**2 + 19*n - 2. Let q be b(9). Let l(o) be the second derivative of o**3/3 + 11*o**2/2 + 2*o. What are the prime factors of l(q)?
5
Let m(s) = 6*s**2 + 3*s + 3. Let o be m(-3). List the prime factors of 3848/o - 3/18.
2, 5
Let i(o) = 10*o - 1 + 16 - 2 + 1. What are the prime factors of i(4)?
2, 3
Let y(c) = -c**2 + 7*c - 2. Let a be y(6). Suppose -145 = -d - 5*n, 0 = -a*d + 2*n + 109 + 449. List the prime factors of d.
2, 5, 7
Let k = 2 - -6. Suppose -3*f + k*f = 85. Suppose -5 = 2*q - f. What are the prime factors of q?
2, 3
Suppose -4*p - 4*i + 53 = -3*p, -96 = -2*p - 3*i. Suppose 8*f - 5*f - p = 0. What are the prime factors of ((-27)/5)/((-3)/f)?
3
What are the prime factors of (1458/(-12))/((-3)/66)?
3, 11
Suppose 0 = 181*u - 162*u - 25707. What are the prime factors of u?
3, 11, 41
Let g(n) = -n**2 + 7*n + 14. Let b be g(8). Suppose 0 = 8*m - b*m - 6. List the prime factors of (13 + -3 + 3)*m.
3, 13
Let g be 21/14*944/12. Let d = g + -96. List the prime factors of d.
2, 11
Let k be 6/33 - 126/(-33). Let c = k - -8. Suppose -3*m - 3*n + 2 = -7, 0 = 4*m + 2*n - c. What are the prime factors of m?
3
Let y = -950 + 1361. What are the prime factors of y?
3, 137
Let v(o) = -5*o**2 + 1 - 12*o + 4*o + 4*o**2. Let w(h) = -3*h**3 - 64*h**2 + 46*h + 40. Let t be w(-22). List the prime factors of v(t).
17
Let b(l) = 2*l**3 - l**2 + l - 2. Let p(s) = 3*s**2 + 7*s - 2. Let j be p(-3). What are the prime factors of b(j)?
2, 3, 19
Let y(u) = -50*u**2 + 2*u. Let w be y(-2). Suppose -2*a - 230 = 2*h, -2*h - 15*a - 235 = -14*a. Let j = h - w. What are the prime factors of j?
2, 3, 7
Suppose -17*t + 12*t = -1980. Suppose -2*u = 4*i - t, 7*i + 4*u = 4*i + 307. What are the prime factors of i?
97
Let z = 157 - 106. Suppose 48 = -48*f + z*f. What are the prime factors of f?
2
Let k(i) = 2*i**2 - 3*i**3 + 2*i**3 + 1 + i - i + i. Let t be k(-2). List the prime factors of 966/t + (-8)/20.
2
Let n be (-10)/30 + 182/6. Suppose 0 = 5*t - n - 0. Suppose -t*b + 57 = -3*b. List the prime factors of b.
19
Let t = 552 - 300. Let c = -159 + t. What are the prime factors of c?
3, 31
Suppose -a + 75 = 65. Suppose -a*d + 602 = 202. What are the prime factors of d?
2, 5
Suppose 736 = 4*n + 3*k, 4*n - 7*n = 3*k - 552. What are the prime factors of n?
2, 23
Suppose 0*i = 14*i 